 be h(p). Suppose -3*l + u*l - 120 = 0. What is the greatest common factor of 60 and l?
12
Let p(w) = -w**3 + 6*w**2 + 4*w - 5. Let k be p(5). Suppose 2*c - 5*c + 48 = 3*n, -n - 5*c = -16. What is the highest common divisor of k and n?
8
Let g = -11 + 7. Let v(o) = -5*o - 6. Let s be v(g). Let p(l) = -l**3 + 4*l**2 + 6*l - 3. Let x be p(5). What is the greatest common divisor of x and s?
2
Let r be 1976/56 + ((-12)/(-7) - 2). What is the greatest common factor of 7 and r?
7
Let u(q) = 3*q + q - 4*q - 2*q. Let w be u(-4). Calculate the highest common divisor of w and 2.
2
Suppose 6*n = -443 + 1547. Calculate the greatest common factor of 23 and n.
23
Suppose -2*u + u = -5. Let b be 3*6 + 1 + -4 + 0. What is the highest common divisor of b and u?
5
Let p = -34 + 82. Calculate the highest common factor of p and 336.
48
Let s(l) = -2*l. Let o be s(-12). What is the highest common divisor of o and 60?
12
Suppose 506 = 5*i + 26. What is the greatest common divisor of 32 and i?
32
Suppose 7*p - 258 = 3*p + 2*v, 2*v = 5*p - 321. What is the highest common divisor of p and 9?
9
Let t(q) = 2*q**2 - 2*q - 3. Suppose 4*c + 4 = 0, -c + 12 - 1 = -4*f. Let h be t(f). What is the greatest common divisor of 84 and h?
21
Suppose 0 = 4*q - 3*q. Suppose 0*m - 3*m = q. Suppose -4 = -z, -z = 5*o - m*z - 284. What is the highest common factor of o and 8?
8
Let x be 177/15 + 3/15. Suppose -5*b + 82 = x. Calculate the greatest common divisor of 14 and b.
14
Suppose -35 - 13 = -3*n. Calculate the highest common factor of n and 2.
2
Let r be 0 - (-131 - (1 - 0)). Let u be -6 + -2*(-9)/6. Let j be (-15 + u/(-1))/(-1). Calculate the highest common divisor of j and r.
12
Suppose -4*h - 8 = -24. Suppose 2*p + p + 2*r - h = 0, 5*p + 4*r - 6 = 0. Let a be (1/p)/(4/144). Calculate the greatest common factor of 2 and a.
2
Suppose 6*d + 16 = 10*d. What is the highest common divisor of 20 and d?
4
Suppose 3*y = -2*y - 5*k + 125, 0 = -2*y + 5*k + 36. Suppose -y = -5*t + 7. What is the greatest common factor of 48 and t?
6
Let o = 105 + -98. Suppose 2*i + 0*i + 6 = 0. Let v = -2 - i. What is the highest common divisor of o and v?
1
Suppose 3*u - u = -50. Let v = 45 + u. What is the highest common factor of 180 and v?
20
Let i(o) = -3*o - 6. Let h be i(-4). Suppose 41 = 4*s + 5*n, -5*n - 4 + 0 = -s. What is the greatest common factor of h and s?
3
Suppose -10*t = -8*t - 20. Suppose 0 = 3*p - 244 - 86. What is the greatest common divisor of t and p?
10
Let y(h) = -h**2 - h + 60. Let n be y(0). Suppose 4*d = -0*d + 20. Suppose 2*w = 8, 2*k - d*w + 14 = k. Calculate the greatest common factor of n and k.
6
Suppose 0 = 2*q + 3*a - 49, 4*a - 14 = -2*q + 40. Let p = q + -11. Let o be (2 + p)/(1 - -1). Calculate the highest common divisor of o and 1.
1
Suppose 4*f - 3 - 15 = -5*x, x = -2*f + 6. What is the greatest common factor of f and 5?
1
Let t = 17 - 25. Let c = 43 + t. What is the highest common divisor of 14 and c?
7
Suppose 0 = -3*z + 5*z - 34. Calculate the highest common factor of z and 17.
17
Let r(y) = -y + 5. Let w be r(-6). Let z(q) = q**2 - 17*q - 77. Let u be z(22). What is the greatest common factor of w and u?
11
Let a be 1/((-2 - -1)/25). Let p be (8/10)/((-2)/a). Let v = -3 + 8. What is the highest common divisor of p and v?
5
Let v be 1/4 - (-167)/4. Let l be (-4 + 1 - 1/(-1))*-7. What is the highest common divisor of l and v?
14
Suppose 0 = 3*o + 12, 4*i = 3*i + 3*o + 40. Calculate the highest common divisor of 84 and i.
28
Let s be 2/2*(1 - -1). Suppose -1 = 3*k + s. Let f be (-82)/(-3) - k/(-3). Calculate the greatest common divisor of f and 3.
3
Suppose -4*m + 9*m = 20, -v + m + 7 = 0. What is the highest common divisor of v and 99?
11
Let o = -24 - -45. Let w be (-4)/(-6)*(3 + o). Let p = 90 - -86. Calculate the highest common divisor of w and p.
16
Let z(r) = -7*r - 3. Let m be z(-4). Calculate the greatest common divisor of 125 and m.
25
Suppose -4*k = 3*z - 114 + 19, -4*z + 110 = -3*k. Calculate the highest common factor of 319 and z.
29
Let q be (-16 - -7)/(6/(-4)). Let x = -4 + q. Suppose u - 12 = -x*u. What is the highest common factor of u and 36?
4
Let u be 0 + 149*(-3)/(-3). Suppose u = 5*b - 566. Calculate the greatest common divisor of b and 13.
13
Suppose -5*l + 16 + 139 = 0. Let a = l - 26. Let b = 47 + -32. What is the greatest common factor of b and a?
5
Suppose 17*y - 120 = 5*y. What is the greatest common divisor of y and 10?
10
Let x(a) = a**2 + 1. Let t be x(2). Suppose -57 = p - 5*p + t*i, -5*i - 49 = -3*p. What is the greatest common factor of p and 88?
8
Let t = 2 - -22. Calculate the greatest common factor of t and 6.
6
Suppose r = 4*r. Suppose 4*i = -3*o + 281, -4*o + r*i + i = -400. Calculate the highest common factor of o and 11.
11
Suppose -16*n + 11*n + 1650 = 0. Calculate the greatest common divisor of n and 30.
30
Suppose 0*w = 3*w - 36. Let d be ((-11)/5 - 1)*-30. What is the greatest common divisor of w and d?
12
Let f be (1/2)/((-2)/(-20)). Let s = f + 6. Suppose 4*y = -y + 220. Calculate the highest common divisor of s and y.
11
Let p(x) = 9*x**2 + 2*x - 1. Let y be p(1). Calculate the highest common factor of 90 and y.
10
Suppose 0 = g + 5*f - 56, -g + 17*f = 16*f - 38. Calculate the highest common factor of g and 451.
41
Let i(j) = -j**3 - 7*j**2 + 8*j + 7. Let t be i(-5). Let h = -44 - t. What is the greatest common divisor of h and 26?
13
Let x = 32 - 21. Let z = x - -28. Suppose 2*y = -0*y + 26. What is the greatest common divisor of z and y?
13
Let g(n) = n**2 - 2*n - 2. Let o be g(3). Let x(i) = -o - 2 + 24*i**2 + 2. Let r be x(2). What is the highest common factor of 19 and r?
19
Let p(i) = -i**3 + 10*i**2 + 11*i - 18. Let t be p(8). What is the highest common divisor of t and 22?
22
Let a be (-4)/(-4 + 4 + 2). Let r be (6/(-6))/(a/50). Suppose -4*v + v = -15. Calculate the highest common divisor of r and v.
5
Let u = 6 - 2. Let m be (-2)/u*-30*2. Suppose -3*d + 3 = -m. Calculate the highest common factor of d and 33.
11
Let o(x) = 155*x - 1. Let h be o(1). Let j = h - 104. What is the highest common divisor of 20 and j?
10
Suppose -41 + 1 = -5*b. Let u = -166 + 174. What is the greatest common factor of b and u?
8
Suppose -2*y + 16 = -8. Suppose -6 = -3*x + y. What is the greatest common factor of x and 15?
3
Let r(o) = -o**2 + 6*o - 4. Let y be r(4). Suppose -x - 24 = -y*x. Calculate the highest common factor of 56 and x.
8
Let i be ((-4044)/(-16) - 1) + 6/24. Calculate the greatest common divisor of 42 and i.
42
Suppose 0 = 4*s - 2*x + 2, x + 0*x = 3*s - 1. Suppose 3*j - 7 = 41. Suppose j = s*d + 2. What is the highest common divisor of d and 35?
7
Let u(i) = 4*i**2. Let z be u(-1). Let y be -5*(-18)/(-15)*-1. Let p = z + y. Calculate the greatest common factor of p and 30.
10
Let k = -4 + 28. Let i = 52 - k. Let f = 19 + -5. Calculate the greatest common factor of f and i.
14
Let q(u) = u**2 + 4*u - 2. Let y be q(-5). Suppose -s = 3*s + 28. Let z = y - s. Calculate the highest common factor of 1 and z.
1
Let c = 154 + -66. Calculate the highest common factor of c and 11.
11
Let l be 143/(-2)*3*2/(-3). Calculate the greatest common divisor of 13 and l.
13
Let a(i) = 0*i + 2*i**3 - 2*i - 4 + 2*i + 3*i - 5*i**2. Let o be a(3). Calculate the highest common divisor of o and 56.
14
Let n be (1/(-3))/(2/(-24)). Let u(m) = m**2 - 10*m + 10. Let d be u(10). What is the greatest common factor of d and n?
2
Suppose 0 = -2*x - 2*x - 8, -2*c = -3*x - 16. Let a = -2 + c. Let r be (-2)/(-1*1/1). What is the greatest common factor of a and r?
1
Let k be -3 - -1 - (3 - -39). Let s be k/2 + (-2 - -2). Let n = s - -66. Calculate the highest common factor of n and 4.
4
Let j(r) = -4*r**3 - r**2 + 3*r + 2. Let y be j(-2). Let l(p) = -28*p + 4. Let x be l(-5). Calculate the greatest common divisor of x and y.
24
Suppose -21*j = -18*j - 369. What is the highest common divisor of j and 41?
41
Suppose 5*m - 4*u - 440 = -0*u, 0 = -m + 5*u + 109. Calculate the highest common factor of 14 and m.
14
Let c be (1*63)/(29 - 28). Calculate the greatest common factor of 9 and c.
9
Let n = -16 - -21. What is the greatest common factor of 15 and n?
5
Suppose 5*p = -29 + 79. What is the highest common divisor of p and 80?
10
Let c = -101 - -119. What